(b) = -b + 6. Let g be h(6). Let f be (1 - -6) + -1 - g. Let d(c) = -c**3 - c**2 + c + 12. Let r be d(0). Calculate the greatest common factor of f and r.
6
Let v = -3 - -5. Suppose -57 = v*d - 5*d. What is the highest common factor of 209 and d?
19
Suppose 0 = -5*p - 5, -3*p + 92 = 3*x - 25. What is the greatest common divisor of 5 and x?
5
Let t(w) = -w**2 + 4*w - 3. Let z be t(5). Let r = 8 - z. Calculate the greatest common divisor of r and 8.
8
Suppose -6*p - 25 = 3*w - p, -4*p = -3*w + 20. Suppose 6 = 5*t - 24. Let a = t + w. What is the greatest common factor of 6 and a?
6
Let l be -1 + 4 + 22 + 0. Let p(z) = 26*z**2 - z - 2. Let s be p(-1). Calculate the greatest common divisor of l and s.
25
Let m(t) = 28*t**2 + 2*t. Let b be m(1). Calculate the greatest common divisor of 30 and b.
30
Let o be (-2)/7 - (-360)/35. Let b be ((-5)/2)/((-12)/120). Calculate the greatest common factor of o and b.
5
Suppose 0 = 2*n + 3*n - 50. Suppose -n + 46 = 3*t. What is the highest common factor of t and 3?
3
Let i = 14 - 11. Let c be 4/(-6) - (-77)/i. Calculate the greatest common factor of 5 and c.
5
Let m = 81 - -62. Suppose -d = 5*a - 68, -32*d + 36*d - 38 = -2*a. Calculate the greatest common factor of a and m.
13
Suppose -2*u + 2 = -4*u. Let i be u/((0 + -1)*1). Suppose 0*o - 2*o + 6 = 0. What is the highest common factor of o and i?
1
Let d = -117 + 132. What is the greatest common divisor of d and 75?
15
Suppose 0 = -4*q, -3*f + 2*q - 85 = 2*f. Let z = f + 39. Suppose 0 = -k - 0 + 2. Calculate the greatest common divisor of k and z.
2
Let m = 107 - 35. Let t be ((-2)/4)/(6/(-96)). Calculate the greatest common divisor of m and t.
8
Suppose 5*n - 6 - 4 = 0. Suppose -t = n*t - 45. Let i(r) = 5*r**2 + 6*r + 10. Let v be i(-5). Calculate the greatest common factor of v and t.
15
Let j(a) = -a**3 + 4*a**2 - 4. Let r = -1 - -4. Let z be j(r). Let o = -53 - -93. What is the greatest common divisor of o and z?
5
Let r = -67 - -73. Calculate the highest common divisor of r and 6.
6
Suppose 3*h - 20 = -x, -3*h + h - 52 = -4*x. Suppose -n + 11 = -59. What is the greatest common divisor of x and n?
14
Suppose -3*w - 2*w = -35. Let c = w + -3. Let q be 37/7 + c/(-14). What is the highest common divisor of q and 25?
5
Let o be 0 + -1 + -4 + -2. Let u(a) be the third derivative of -a**4/8 + 3*a**3/2 - a**2. Let k be u(o). What is the highest common divisor of k and 15?
15
Suppose -5*u = -464 + 419. Let l be (-695)/(-7) + (-2)/7. What is the highest common factor of u and l?
9
Suppose 4*p + 52 + 12 = 0. Let x = p + 22. Suppose x*d = 2*d + 220. Calculate the highest common divisor of 22 and d.
11
Let d be ((-4)/5)/((-4)/(-50)). Let l = d - -38. Calculate the greatest common divisor of l and 4.
4
Let d(k) = -4*k**3 - 2*k**2 + 5*k - 7. Let v be d(-5). What is the greatest common factor of 38 and v?
38
Suppose -3*g = -t - 13, 44 = 4*g + 4*t - 0*t. What is the greatest common factor of g and 9?
3
Let l(h) be the third derivative of h**5/30 + 7*h**3/6 + 7*h**2. Let t be l(7). Calculate the greatest common factor of t and 15.
15
Let a be -4 - (184*1)/(-4). Calculate the highest common factor of 6 and a.
6
Let a = 116 + -4. What is the greatest common factor of a and 8?
8
Let r(y) = y**2 - 4*y - 1. Let n be r(3). Let k(s) = 5*s + 8*s**2 - 2*s**2 + 0*s**2 + 1. Let d be k(n). What is the greatest common factor of 11 and d?
11
Suppose -2*n + 5*n + 2*r - 110 = 0, 0 = -r - 5. Suppose 3*u = u + n. What is the greatest common factor of u and 10?
10
Suppose 5*v = 4*d + 66, -d + 22 - 76 = -5*v. Let g = -16 + 31. Calculate the highest common factor of v and g.
5
Let r(k) = 24*k - 2. Let c be r(2). Let g be c/(-14) - (-4)/14. Let j = 0 - g. What is the highest common divisor of 33 and j?
3
Let d be (2 - 0) + (-118)/(-2). Suppose -2*x = -d + 9. Calculate the greatest common factor of 13 and x.
13
Let a = -38 + 156. Let n = -84 + a. Suppose z - 4*k = 2*z - n, 10 = z - 2*k. Calculate the greatest common divisor of 12 and z.
6
Let h be (-2 + -1)/(9/(-78)). Let z = 41 - h. Suppose 2*g + o - 245 = 0, 3*g + 3*o + 0*o = 375. Calculate the greatest common divisor of g and z.
15
Let x be 376/3 + (24/9 - 2). What is the greatest common divisor of x and 18?
18
Suppose -7*x = -2*x - 15. Suppose l = -4*d - x, -l = -0*l + 3*d + 2. What is the highest common divisor of 4 and l?
1
Let b(c) = 0*c - c**2 - 12 - c + 0*c**2 - 10*c. Let m be b(-8). Let f be 8/(-6)*(-8 - 91). Calculate the highest common factor of m and f.
12
Let j(k) = -k + 10. Let v be j(10). Suppose 3*t = 2*x - 0*x + 132, -3*t - 4*x + 132 = v. Let m = 64 - t. What is the greatest common divisor of m and 30?
10
Let s be 3*(-1)/(-3) - 2/(-1). Calculate the highest common divisor of 24 and s.
3
Let t be 16/(-72) - 544/(-18). Suppose p - t + 8 = 0. Suppose 0 = -0*v - 2*v + 22. What is the greatest common factor of p and v?
11
Suppose 0 = -5*j + 75 - 30. Suppose -2*x = -11 - 1. Calculate the highest common factor of x and j.
3
Let t = -25 + 25. Let c(z) be the second derivative of z**5/20 + z**4/12 + 6*z**2 + z. Let o be c(t). Calculate the greatest common factor of o and 132.
12
Suppose -363 = -3*t - 4*d - 0*d, t = 5*d + 102. Suppose -5*b = 5 - 70. What is the highest common factor of t and b?
13
Suppose -3*d + 2*d = -12. Let i be ((-3)/2)/((-2)/d). What is the highest common factor of 63 and i?
9
Let w be (-742)/(-4) - (5/(-10) - -1). Calculate the greatest common divisor of w and 74.
37
Suppose -4*u - 2*n - 24 + 8 = 0, -4*n + 16 = 0. Let k = -8 - u. Let h be (k/4)/(2/(-72)). Calculate the highest common divisor of 2 and h.
2
Suppose 17*u - 240 = 9*u. Let i = 31 - -15. Let g = 66 - i. What is the highest common factor of g and u?
10
Let y = 35 + -26. Calculate the highest common factor of 63 and y.
9
Let q = 16 - 14. Suppose 3*z = q*j + 42, -5*z = -j - 2*j - 71. Calculate the highest common divisor of z and 64.
16
Suppose 0*c - 2*b = -c + 27, b + 3 = 0. What is the greatest common divisor of 14 and c?
7
Let f = -35 + 103. Let i be (57/9 + 2/(-3))*3. Calculate the highest common divisor of i and f.
17
Let l be ((-21)/14)/((-19)/16 - -1). Calculate the greatest common divisor of l and 40.
8
Suppose 60 = -0*c + 5*c. Calculate the highest common divisor of c and 132.
12
Let r be 8/(-3 - -1) + (-15 - -26). Calculate the greatest common divisor of r and 14.
7
Let d be 49*((-85)/(-25) - 4/10). What is the highest common factor of 49 and d?
49
Let p = -5 + 7. Suppose -p*l - 2*l = -24. Calculate the highest common factor of l and 9.
3
Suppose -4*h - 40 = -4*d, -d + 0*h - h + 8 = 0. What is the greatest common factor of d and 3?
3
Suppose 0 = 5*a + 5*o - 15, 0*o + 16 = 3*a - 4*o. Let l = a + 3. What is the greatest common factor of l and 49?
7
Suppose 0 = 3*l - l. Suppose 3*w - 2*b - 8 - 39 = l, -74 = -5*w - b. What is the greatest common divisor of 15 and w?
15
Suppose -7 + 24 = w. Let j = -10 + w. Suppose -b + t = 4, -b - 5*t + t = -21. Calculate the greatest common factor of b and j.
1
Let q(i) = i - 1. Let p be q(-14). Let l be ((-57)/12)/(3/(-12)). Let h = l - p. Calculate the highest common divisor of h and 17.
17
Let v(k) = k**2 + 11*k + 5. Let j be v(-8). Let s be (-1 - 25)*(j - -11). What is the greatest common factor of 26 and s?
26
Let j(x) = -x**2 - 5*x + 3. Let z be j(-5). Suppose -w + 1 = -h, -z*h - 2*h + 3 = -3*w. What is the highest common factor of 27 and h?
3
Let j be ((-2)/(-6))/((-17)/(-306)). Calculate the highest common divisor of j and 6.
6
Let k(y) = y**3 + 10*y**2 - 13*y - 4. Let q be -3 + (1 - (-18)/(-2)). Let v be k(q). What is the greatest common divisor of 54 and v?
18
Suppose -k + 3*j = -31, 5*k + 6*j - 75 = j. Calculate the greatest common divisor of 152 and k.
19
Suppose 2*n = -2*q + 14, -2*q + 16 - 6 = n. Let h(r) = 7*r + 1. Let f be h(-1). Let u be -3*3/f*2. Calculate the greatest common divisor of u and q.
3
Suppose -5*w + 831 + 211 = 4*p, 0 = 5*w - p - 1052. What is the greatest common divisor of w and 30?
30
Let i be (-4 - -3)*(1 + -60). Suppose 0 = 5*u + s - i, 0*u - 5*u + s = -61. What is the greatest common divisor of 96 and u?
12
Let z = 5 - 6. Let t be 494 + (0 + -1)*z. Suppose -k = -6*k + t. What is the highest common divisor of 11 and k?
11
Let g = -5 - -6. Suppose -d = g - 2. What is the greatest